 divisor of 168 and 1736840.
56
Calculate the highest common divisor of 1921 and 7232.
113
What is the greatest common factor of 88608 and 7100?
284
Calculate the highest common factor of 154 and 16522.
22
Calculate the highest common divisor of 643490 and 20.
10
What is the highest common divisor of 141273 and 33?
33
What is the highest common divisor of 8 and 2980?
4
What is the highest common divisor of 55 and 51601?
11
Calculate the highest common divisor of 640 and 128320.
320
Calculate the highest common divisor of 407038 and 430.
86
Calculate the highest common divisor of 141155 and 280.
35
Calculate the greatest common factor of 2300385 and 20.
5
Calculate the highest common factor of 124320 and 9660.
420
Calculate the greatest common divisor of 4637400 and 600.
600
Calculate the highest common factor of 896 and 12124.
28
Calculate the greatest common divisor of 58552 and 128.
8
Calculate the greatest common factor of 3340173 and 807.
807
What is the greatest common divisor of 1027 and 871133?
79
What is the greatest common divisor of 7774 and 368?
46
Calculate the highest common divisor of 2776 and 66971.
347
What is the highest common divisor of 12912669 and 2079?
2079
What is the highest common factor of 15239 and 7252?
49
What is the greatest common factor of 7992 and 7659?
333
What is the greatest common factor of 182 and 173628?
182
What is the highest common factor of 33571 and 531?
59
What is the greatest common divisor of 13 and 1664?
13
Calculate the greatest common factor of 1679 and 150599.
73
What is the highest common divisor of 710 and 50030?
10
Calculate the greatest common factor of 24 and 1366452.
12
What is the greatest common divisor of 1155 and 22785?
105
What is the greatest common factor of 536 and 335?
67
What is the greatest common divisor of 1144 and 3421?
11
Calculate the highest common divisor of 7497 and 120717.
153
Calculate the highest common divisor of 3626 and 26048.
74
What is the highest common factor of 2 and 86371?
1
What is the highest common factor of 25792 and 2728?
248
Calculate the highest common divisor of 1545590 and 1270.
1270
Calculate the greatest common factor of 130 and 30342.
26
Calculate the greatest common divisor of 56924 and 53732.
532
Calculate the highest common factor of 14238 and 3874770.
2034
What is the highest common factor of 29309 and 21567?
553
Calculate the highest common factor of 768 and 984.
24
Calculate the greatest common factor of 528220 and 220.
220
Calculate the greatest common factor of 17901 and 18333.
27
What is the greatest common factor of 25384 and 100320?
152
What is the highest common factor of 12 and 1369732?
4
What is the greatest common factor of 559 and 2314?
13
What is the highest common divisor of 176978 and 16?
2
What is the greatest common factor of 4316 and 221?
13
What is the highest common factor of 615804 and 126?
42
Calculate the highest common divisor of 39 and 90168.
39
What is the highest common factor of 56 and 104728?
8
What is the highest common factor of 139 and 321229?
139
What is the greatest common divisor of 2705 and 152021?
541
Calculate the highest common factor of 484 and 59411.
121
Calculate the highest common divisor of 682 and 14256.
22
Calculate the highest common divisor of 582 and 552415.
97
Calculate the highest common factor of 35389 and 95468.
823
What is the greatest common factor of 198462 and 372?
186
Calculate the greatest common factor of 2569 and 3303.
367
What is the greatest common factor of 488084 and 8?
4
What is the greatest common factor of 219 and 62415?
219
What is the greatest common factor of 72920 and 8160?
40
Calculate the highest common divisor of 1369 and 19351.
37
What is the highest common divisor of 4142 and 247?
19
Calculate the highest common divisor of 9 and 49221.
9
What is the greatest common divisor of 17629 and 610?
61
What is the greatest common factor of 8670 and 35020?
170
What is the highest common divisor of 20938 and 327294?
1102
Calculate the highest common factor of 1307110 and 526.
526
What is the highest common factor of 103301 and 132?
11
What is the highest common factor of 575057 and 6543?
727
Calculate the highest common divisor of 106540 and 56.
28
Calculate the greatest common divisor of 68295 and 57.
3
What is the highest common divisor of 32088 and 876?
12
Calculate the greatest common factor of 965 and 1835.
5
Calculate the highest common factor of 855 and 1413.
9
Calculate the greatest common divisor of 168090 and 390.
390
Calculate the greatest common factor of 5296 and 541516.
1324
Calculate the highest common factor of 5245965 and 405.
405
What is the greatest common divisor of 142935 and 8970?
195
Calculate the highest common factor of 3103044 and 476.
476
What is the greatest common divisor of 161808 and 1056?
48
What is the highest common factor of 106 and 28726?
106
Calculate the highest common divisor of 837700 and 200.
100
Calculate the highest common divisor of 210493 and 37.
37
Calculate the highest common divisor of 67027 and 97.
97
What is the greatest common divisor of 10188 and 16101?
9
What is the highest common divisor of 418 and 26695?
19
What is the greatest common factor of 4179627 and 547?
547
What is the greatest common divisor of 15936 and 3120?
48
Calculate the highest common divisor of 60 and 70900.
20
Calculate the greatest common factor of 126 and 61452.
18
Calculate the highest common factor of 16 and 815824.
16
What is the highest common factor of 529 and 391?
23
Calculate the highest common factor of 1739 and 16030102.
1739
Calculate the greatest common divisor of 8262 and 850.
34
What is the greatest common divisor of 2926 and 4774?
154
Calculate the highest common factor of 231 and 466466.
77
What is the greatest common divisor of 127360 and 597?
199
What is the highest common divisor of 13 and 7816783?
13
Calculate the greatest common factor of 94686 and 1290.
258
What is the highest common factor of 3910 and 25990?
230
Calculate the greatest common divisor of 22264 and 19872.
184
What is the highest common factor of 137652 and 12?
12
What is the highest common divisor of 2017 and 6?
1
What is the highest common factor of 72 and 97752?
24
What is the highest common divisor of 303 and 179?
1
What is the highest common factor of 106120 and 2360?
40
What is the highest common divisor of 6885545 and 1455?
485
Calculate the greatest common factor of 18578 and 70.
14
What is the greatest common factor of 337 and 55?
1
Calculate the greatest common factor of 480 and 51648.
96
Calculate the highest common divisor of 1308 and 5708112.
1308
Calculate the greatest common factor of 34 and 4103630.
34
What is the greatest common factor of 130 and 18967130?
130
What is the highest common factor of 1845504 and 60?
12
Calculate the highest common divisor of 517 and 39198.
47
What is the greatest common factor of 546 and 57642?
78
Calculate the highest common factor of 377 and 106169.
29
Calculate the highest common divisor of 228090 and 690.
30
Calculate the highest common factor of 36057 and 6.
3
Calculate the highest common factor of 1545 and 30105.
15
Calculate the highest common factor of 777 and 34521.
111
Calculate the highest common factor of 760 and 1104280.
760
Calculate the greatest common factor of 3468 and 113866.
578
What is the greatest common factor of 170 and 43435?
85
What is the greatest common factor of 71793 and 378?
27
Calculate the highest common divisor of 40 and 19020.
20
What is the highest common divisor of 3150 and 12870?
90
What is the greatest common divisor of 58021 and 4029?
17
Calculate the greatest common divisor of 105 and 18287.
1
What is the greatest common factor of 37774 and 11594?
374
Calculate the highest common divisor of 329 and 20069.
329
What is the highest common factor of 810 and 240?
30
Calculate the highest common factor of 225018 and 5346.
486
What is the greatest common factor of 27013 and 1816?
227
What is the greatest common divisor of 2618 and 748?
374
Calculate the greatest common divisor of 20511 and 1677.
129
Calculate the greatest common divisor of 75610 and 10.
10
Calculate the highest common divisor of 52 and 205049.
13
Calculate the greatest common factor of 14520 and 3927.
33
Calculate the 